r when r(-2) is divided by 23.
18
Let c = 0 - -38. Let s = c + -16. Calculate the remainder when 43 is divided by s.
21
Suppose -11*g + 21 = -166. What is the remainder when 83 is divided by g?
15
Let g be 1/2 - (-14)/4. Calculate the remainder when 33/(10/g - 1) is divided by 6.
4
Suppose n - 80 = -4*v, 2*v = -3*n - 2*v + 272. Suppose -4*f = -n + 20. What is the remainder when f is divided by 7?
5
Let q = 231 + -123. What is the remainder when q is divided by 28?
24
Let d = 18 - 14. Suppose -f + 4*o + 39 = o, -2*f + d*o + 70 = 0. What is the remainder when f is divided by 14?
13
Suppose -84 = -4*s + s. Let y = s - 20. What is the remainder when 13 is divided by y?
5
Suppose -10 = 3*a + 2, t - a - 4 = 0. Suppose -3*x + 152 = x + 3*y, -4*x + y + 136 = t. Calculate the remainder when 138 is divided by x.
33
Let c be ((-6)/(-3) + -5)/(-1). Calculate the remainder when 41 is divided by 14/(1 + -3 + c).
13
Let r be (-2)/(-4)*(6 - 2). Calculate the remainder when 29 is divided by (r/((-4)/30))/(-1).
14
Let o(q) = q**3 - 3*q**2 + 2*q - 3. Let n be o(2). Let s be (-2 + 0)/((-6)/n). Let u = 12 + s. Calculate the remainder when 32 is divided by u.
10
Let f be -2*-2*6/8. Let t(i) = -2 + 5*i + 1 - 2. Calculate the remainder when 47 is divided by t(f).
11
Calculate the remainder when 28 + 3 - (2 - 0) is divided by 15.
14
Suppose 5*a = -3*p + 90, 29 - 79 = -5*a + 5*p. Calculate the remainder when 478/17 - (-8)/(-68) is divided by a.
13
Let p = 1 - 1. What is the remainder when (p + -2)*(-78)/12 is divided by (2*7)/(1 + 1)?
6
Let v = -61 - -73. What is the remainder when 106 is divided by v?
10
Let s(l) = l + 17. Let b(k) = -2*k**2 + 2*k + 3. Let w be b(3). Calculate the remainder when s(w) is divided by 6.
2
Suppose -2*p + 3*p = -3*t + 28, 2*p = 3*t + 101. Calculate the remainder when p is divided by 23.
20
Suppose -25 = 4*u - 101. What is the remainder when 72 is divided by u?
15
Let b = -19 - -117. Suppose 4*p - b = -34. Let c(i) = 3*i - 6. Calculate the remainder when p is divided by c(5).
7
Suppose -7*i + 5*i = -24. What is the remainder when 33 is divided by i?
9
Suppose 3*q - 2 - 10 = 0. Calculate the remainder when 18 is divided by q.
2
Let g = -3 + 2. Let s = g + 9. What is the remainder when s is divided by 3?
2
Let l = 3 - 1. Suppose l - 17 = -3*g. What is the remainder when g is divided by 2?
1
Let j = 60 + -32. Let z(a) be the second derivative of -a**3/3 - 3*a**2/2 + 2*a. What is the remainder when j is divided by z(-9)?
13
Let z(g) = 4*g - 1. Let s be z(-5). Let d = -14 - s. Calculate the remainder when 17 - 6/2 - 2 is divided by d.
5
Let k = -146 + 250. Suppose 2*t - 32 = 2*o + 8, -o = -5*t + k. Let n = t - 6. What is the remainder when 29 is divided by n?
14
Let u(j) = 9*j - 3. Let o(l) = -8*l + 12. Let a be o(-6). Suppose -v + a = 5*y + 4*v, 2*v - 8 = 0. Calculate the remainder when u(2) is divided by y.
7
Let f = 10 - 5. Suppose -4*z + 15 + 1 = 0. Let p(w) = -w**3 + 5*w**2 - 2. Calculate the remainder when p(z) is divided by f.
4
Let p = 3 + 39. Calculate the remainder when p is divided by 9.
6
Let w = 2 - 5. Let i be (1/w*0)/(-3). Suppose -156 = -i*u - 4*u - 2*r, -2*r = 2*u - 74. Calculate the remainder when u is divided by 21.
20
Suppose -140 = -2*j - 2*t, 0 = -7*j + 2*j + 3*t + 390. What is the remainder when j is divided by 13?
10
Suppose 23*a = 28*a - 20. Suppose 0 = 4*o - 2*u - 89 + 31, 5*o + 5*u = 80. What is the remainder when o is divided by a?
3
Suppose -3*h = -7*h - x - 3, 2*h + x = -3. Suppose 2*o - 4*k = -238, 5*o - o + 5*k + 476 = h. Calculate the remainder when o/(-3) + (-2)/3 is divided by 10.
9
Suppose -45 = 3*l - 87. What is the remainder when 53 is divided by l?
11
Let a(h) = -h**3 + 7*h**2 - 6*h. Suppose -2*p - 3*c + 35 = -8*c, -4*c - 20 = 0. What is the remainder when a(p) is divided by 11?
9
Let j be 103/(-4) - (-1)/(-4). What is the remainder when -3 - (3 + -1*38) is divided by j/(-3 + 1) + -2?
10
Let y(r) = r + 11. Calculate the remainder when 46 is divided by y(-4).
4
Suppose 4*d = 6*d - 46. Let r(p) = 2*p**2 - 12*p - 10. Calculate the remainder when r(9) is divided by d.
21
Let u be (4 + 1)*(2 - 1). Suppose 5*k + u*c + 0 = -5, 0 = 2*k + 3*c + 5. Suppose v = -v + k. Calculate the remainder when 2 is divided by v.
0
What is the remainder when 131 is divided by 1582/35 + 1/(-5)?
41
Suppose 0 = -14*i + 10*i + 360. Calculate the remainder when i is divided by 24.
18
Let g(v) = v - 1. Let u be g(2). Let a = u + 13. Calculate the remainder when 53 is divided by a.
11
Let j(o) be the third derivative of -1/24*o**4 - 5/6*o**3 - 1/60*o**5 - o**2 - 1/120*o**6 + 0 + 0*o. What is the remainder when j(-4) is divided by 16?
15
Let v(f) = 11*f**2 + 5. Let r(a) = -12*a**2 + a - 4. Let w(s) = -3*r(s) - 2*v(s). Calculate the remainder when 49 is divided by w(1).
10
Let z be (2*26 - -3) + -1. Calculate the remainder when 28 is divided by (-4)/(-18) - (-528)/z.
8
Let d(i) = 3*i - 6. Calculate the remainder when d(15) is divided by 14.
11
Let j(k) = 1 - 2*k - 37*k**2 + 38*k**2 + 0*k. What is the remainder when 48 is divided by j(6)?
23
Suppose 5 = 4*i + 3*z, -4*i + 5*z + 14 = 1. Suppose 0 = -3*b - i*y + 3 + 3, 2*b - 5 = -y. Calculate the remainder when 19 is divided by (-2)/(-3)*42/b.
5
Let h = -61 - -74. Calculate the remainder when h is divided by 7.
6
Let z(k) = -k**3 + 10*k**2 + k + 22. Calculate the remainder when z(10) is divided by 17.
15
Suppose -3*j = 5*i - 31, 0 = -2*j - 3*j + 5*i + 25. Let k(n) = -n**3 + 7*n**2 - 5*n + 1. Calculate the remainder when k(5) is divided by j.
5
Let l(g) = 9 + 2*g - 4*g + 3*g. Let c be l(-6). What is the remainder when 6 is divided by (1/c)/((-2)/(-24))?
2
Let a(p) = p**2 - 11*p - 4. Let z be a(12). Calculate the remainder when 11/44 - (-342)/z is divided by 9.
7
Let w = -59 - -72. Let k(r) = r**3 - 9*r**2 + 10*r + 9. Let u = -1 - -9. Calculate the remainder when k(u) is divided by w.
12
Suppose 0 = -3*q - 5*a + 35, -44 = -4*q - 4*a - 0*a. What is the remainder when q is divided by 8?
2
Let m(g) = -g**2 + 12*g - 8. Let c be (-88)/(-16)*(-4)/(-2). What is the remainder when 7 is divided by m(c)?
1
Let u(n) = n**3 + 9*n**2 + 5*n - 7. Let b be u(-7). Let q = b + -30. Let z = -18 + q. Calculate the remainder when z is divided by 5.
3
Suppose -32 - 9 = -u. Calculate the remainder when u is divided by 11.
8
Suppose 15 = 5*h + 5*x, 0*x + 4*x - 6 = -2*h. Suppose 5*y - h = 107. What is the remainder when y is divided by 12?
10
Suppose 0 = -2*s - 64 + 4. Let z be ((-3)/9)/(2/s). Suppose -q = z - 18. Calculate the remainder when 38 is divided by q.
12
Suppose 0 = 4*l - l - i - 49, 0 = -3*l - 5*i + 61. What is the remainder when 67 is divided by l?
16
Let k(u) = -u**2 + 6*u + 7. Let r be k(7). Suppose r*o + 3*o - 15 = 0. Calculate the remainder when 9 is divided by o.
4
Let p(t) = 14*t + 157. Suppose 0 = -4*r + 8*r - 28. What is the remainder when p(-10) is divided by r?
3
Suppose 5*b - 323 = 4*s, -3*b + 195 = -s - 2*s. Let m = -44 + b. Calculate the remainder when 36 is divided by m.
17
What is the remainder when ((-4)/12)/((-1)/24) is divided by 6?
2
Suppose 3*o + 5 = 17. Calculate the remainder when 9 is divided by o.
1
Suppose -h + 4 = -0*h. Suppose h*l + 1 - 73 = 0. Calculate the remainder when 52 is divided by l.
16
Suppose 5*r + 14 = 3*q, -6*r = -5*q - r + 30. What is the remainder when q is divided by 5?
3
Let m = -30 - -64. Calculate the remainder when 203 is divided by m.
33
Suppose 5*y - 12 = y. Suppose y*x - 80 - 22 = 0. Calculate the remainder when x is divided by 9.
7
Suppose 0 = 4*o + n - 34, 0 = -2*n - 0*n + 4. What is the remainder when 47 is divided by -5*o*6/(-15)?
15
Let b(u) be the first derivative of -97*u**3/3 + u**2/2 + 1. Let y be b(1). What is the remainder when 39 is divided by 2/5 + y/(-10)?
9
Let o(z) = -2*z + 65. Let q = 14 - -15. What is the remainder when q is divided by o(25)?
14
Let w(q) = -3*q. Calculate the remainder when 15 is divided by w(-3).
6
Suppose q - 6*q + 55 = 0. Suppose -4*u = -42 - 86. Calculate the remainder when u is divided by q.
10
Let h = 6 - 1. Suppose 5 - 15 = -z + m, 4*m = -h*z + 59. Calculate the remainder when 31 is divided by z.
9
Suppose p - 9 = -0*p. Let b = 289 - -110. Calculate the remainder when b/12 + (-1)/4 is divided by p.
6
Suppose -3*i